.
-60
Let d be 2*(38/(-2) - (0 + -2)). Let b = 37 + d. Let v(y) = 9*y - 7*y - 3*y + 3 - 4*y**2 - y**b. Determine v(-4).
7
Let k = -26 - 41. Let g = -64 - k. Let x(h) = 4 - h**2 + 8*h**3 - 3*h**2 + h - 3*h**3 - 6*h**g. Calculate x(-4).
0
Suppose 0 = -3*a + 78 + 72. Suppose t - 6*t = -a. Let j(q) = 10*q - 11 + 2 - q**2 + 11. Calculate j(t).
2
Let c(a) = a + 6. Let v(j) = -j - 16. Let y(i) = -7*i**3 - 3*i + 4. Let h be y(1). Let b be v(h). Determine c(b).
-4
Let u(f) be the first derivative of f**4/2 + 3*f**2/2 - f - 1. Suppose 22 - 65 = -54*b + 1 + 64. Determine u(b).
21
Let m(g) = -g - 14. Suppose 4*i - n + 589 = -0*i, -i + 3*n - 161 = 0. Let s = 140 + i. Give m(s).
-8
Let a(q) = q**2 - 99. Let n be a(11). Let v(k) = k**2 - 26*k + 88. Let c be v(n). Let z(h) = -h**3 + h + 6. Determine z(c).
6
Let o(g) be the second derivative of -g**3/6 + g**2/2 + 718*g. Suppose 3*h + 7 = z - 0*z, h - 1 = 2*z. Determine o(z).
3
Suppose -2647 = -0*v - 5*v - 2627. Let r(a) be the third derivative of 0*a**v + 0*a - 1/30*a**5 - 15*a**2 - 1/60*a**6 + 0 + 1/6*a**3. Determine r(-1).
1
Let n(y) = -y**3 - 2*y**2 + y + 2. Let f be n(0). Let h be (-15 - -18) + (f/(-2) - 0). Let m(q) = -q**h - 20*q + 21*q + 0*q**2 - 4. What is m(0)?
-4
Let c(j) = 4*j**2 + 315. Let m(p) = 3*p**2 + p + 255. Let h(t) = -4*c(t) + 5*m(t). Determine h(5).
15
Let t(p) = 2*p + 23. Let x(a) = a + 8. Let w(r) = r + 6. Let z(k) = 4*w(k) - 3*x(k). Let b(i) = -t(i) + 5*z(i). Determine b(6).
-5
Let y(k) be the second derivative of -1/6*k**3 - 7*k**2 - 50*k + 0. Give y(-17).
3
Let c(u) = u**2 - 2*u - 67. Suppose 4*f - 2*x = 10, -198 = -2*x - 208. Give c(f).
-67
Let t = -522 + 589. Let c(i) = i**2 - 6*i**2 + 0*i - 67 + i + i**3 + t. Give c(4).
-12
Let j(c) = 27*c + 46 - 31 - 21 - 5*c**2 - 13 + 4*c**2. Give j(26).
7
Let p = 170 - 172. Let v be ((-4)/(-3))/(p/9). Let a(l) = l**2 + 6*l + 9. Calculate a(v).
9
Let d(p) = 15*p - 77. Let c(a) = 28*a - 128. Let x(v) = 3*c(v) - 5*d(v). Calculate x(-9).
-80
Let a be 700/(-343) + (-2)/(-49). Let v(g) = g**3 + 10*g**2 + 15*g - 1. Calculate v(a).
1
Let q(p) = -3*p + 43. Let x be q(10). Let k(j) = 10*j**3 + 10*j**2 - 2*j - x*j**2 - 9*j**3 + 3*j. Calculate k(2).
-2
Let m(i) = 7*i**3 - 2*i**2 - 46*i - 4. Let q(g) = 5*g**3 - g**2 - 46*g - 3. Let u(y) = -3*m(y) + 4*q(y). Let v(l) be the second derivative of u(l). Give v(6).
-32
Let y(k) = -k**2 + 2*k + 8. Suppose 5*g = 2*q + 41, 4*g - g - 9 = -4*q. Give y(g).
-27
Let w(c) be the third derivative of -c**4/12 - c**3/2 - 7*c**2 + 10*c. Suppose 2*b + 5*p - 5 = b, 5 = -3*b - 5*p. Calculate w(b).
7
Let r be 5/10 + (234/4)/(-3). Let p be r*(4 + -3) + 0 + 4. Let k(x) = 3*x + 42. Let w be k(p). Let z(g) = -2*g**2 - 2*g. What is z(w)?
-12
Let r be -2*(-7)/(28/8). Let y(k) = 2*k - 2*k + r*k - 2*k + 5. Let v be (-1)/3*((6 - 4) + 19). Calculate y(v).
-9
Let p(c) be the first derivative of -5*c**3/3 + 5*c**2/2 - 6*c + 1465. Determine p(4).
-66
Let q = -1223 - -1225. Let a be 8/(-3)*390/(-4). Let i(z) = -a*z - 4 + q*z**2 + 260*z. Determine i(-3).
14
Suppose 0 = 3*o + 36 - 27. Let s be ((-7)/o)/((28/12)/7). Let i(a) = -a**3 + 6*a**2 + 9*a - 9. Let w be i(s). Let m(k) = -k**2 + 5*k - 5. Give m(w).
-5
Let a(b) = -3 - b**2 - 6*b**2 + 121492*b**3 + b - 121491*b**3. Let o be 5*(21/15)/1. What is a(o)?
4
Let r(m) = -m**3 + 9*m**2 + 8*m - 1. Suppose 0*t + 4 = 4*d + 4*t, 0 = 3*d + 4*t - 8. Let f be 2/(-16) - d/(128/324). Give r(f).
-21
Let n(c) be the third derivative of c**4/6 - 19*c**3/6 + 554*c**2 - 2. What is n(9)?
17
Let m(u) = -9*u - 35. Let c(l) = -6*l - 57. Let h(p) = -5*c(p) + 4*m(p). Give h(27).
-17
Let z(l) be the second derivative of l**5/120 - 11*l**4/12 + 26*l**3 - 170*l. Let w(g) be the second derivative of z(g). What is w(9)?
-13
Let p(d) = 14*d**2 - 13*d + 2*d**2 - d**2 - 4 + 152137*d**3 - 8 - 152138*d**3. Let s(v) = 2*v**2 - 4. Let c be s(3). Calculate p(c).
2
Let a(m) = -m + 5. Let g = 299 + -294. Suppose v + g = -5*b, -19*v = -23*v + 4*b + 28. What is a(v)?
0
Suppose -502*b = -430*b - 216. Let s(q) be the second derivative of 39*q + 0 - q**2 - 1/12*q**4 + 0*q**b. What is s(-4)?
-18
Let w(a) = a**2 + 2*a - 4. Let t(q) = 20*q**2 + 4*q - 19. Let g(n) = t(n) - 4*w(n). Calculate g(-2).
69
Let u(g) = 51*g - 11. Let s(a) = -23*a + 5. Let v(o) = 9*s(o) + 4*u(o). Let m(d) = 2*d - 9. Let q be m(6). Determine v(q).
-8
Let m(b) = 3*b - 5. Let u be ((-18)/(-8))/(25/300). Suppose -9*d + 7*d = q - 11, 0 = 3*d + 5*q - u. Give m(d).
7
Let c(i) be the first derivative of i**4/12 - 5*i**3/6 - i**2 - 55*i + 42. Let o(s) be the second derivative of c(s). What is o(-7)?
-19
Let j(n) = -3 - 12 - 10*n + 2 + 9*n + 12*n. Determine j(3).
20
Let o be 0 - (-8)/6*-9. Let d(l) = -3*l - 767 + 0*l + 757 + 2*l. Determine d(o).
2
Suppose 7 = -4*z + 3. Let a(p) be the first derivative of 0*p + 1/2*p**2 - 34 + 10/3*p**3. Determine a(z).
9
Let i(f) = -2*f**3 - 17*f**2 - 5*f + 11. Suppose 0 = 10*v + 28 + 52. Let l be i(v). Let d(n) = -2*n - 18. Give d(l).
8
Let t(q) be the second derivative of -q**4/6 + 5*q**3/2 - 13*q**2 + 2*q - 86. Let s be t(6). Let k(u) = -u**2 - 7*u - 2. Give k(s).
-10
Let o be (-2)/16 - 147/48*-2. Suppose 101 = 5*z + o. Let v(f) = -3*f**3 - z + 2*f**3 - 5*f**2 + 18. Give v(-5).
-1
Let c(j) = j**3 + 10*j**2 - 12*j - 4. Let h be c(-11). Suppose 5*y - 12 + h = 0. Let w(u) be the first derivative of -5*u**2 + u - 3819. What is w(y)?
-9
Suppose -15*d - 147 = 6*d. Let o(l) = -6*l - 2. Let s(r) = 10*r. Let t(n) = 3*o(n) + 2*s(n). What is t(d)?
-20
Let a(v) = v. Let p be a(-6). Let j(s) = -3 + 6*s + 2*s + 9*s**2 - 24*s**3 + 13 - 2*s**2 + 25*s**3. What is j(p)?
-2
Let s(m) = -m**3 - 8*m**2 - 6*m + 4. Let g = -447 - -449. Let v be (-6 - 1)/(1 + (2 - g)). Determine s(v).
-3
Let z(l) = -l - 34*l**2 + 119*l**2 + 2 - 45*l**2 - 36*l**2. Give z(2).
16
Suppose 35*s - 38*s - 6 = -5*j, s + 5*j = -22. Let m(a) be the second derivative of a**3/6 + 6*a**2 - 2*a. Determine m(s).
5
Suppose 0 = i - 3*i. Suppose 3*f - 10 + 0 = -4. Let k(s) = 4 + i + 1 - 6 - f*s. Give k(-1).
1
Let z(u) be the third derivative of 7*u**6/60 - u**5/30 - u**4/24 + u**3/3 + u**2 + 68. Give z(1).
13
Let c(l) = -32 + 41233*l**2 + 41234*l**2 + l - 82468*l**2. Calculate c(0).
-32
Suppose 45 = 2*g + 3*g. Let b(q) be the first derivative of -q**3/3 + 9*q**2/2 - q - 435. Calculate b(g).
-1
Suppose -20*n + 69*n = 27*n + 36*n. Let a(f) be the second derivative of f**5/20 - f**4/12 + f**3/6 + 37*f**2/2 + f. What is a(n)?
37
Suppose -5*a = 41 - 61. Let i(d) = d**2 + 5*d - 26. Let x be i(a). Let z(w) = -6 + x - w - 6. Calculate z(6).
-8
Suppose -144*n + 206 = -33*n - 238. Let i(y) = -6*y - 3 + 2*y + 2*y**2 + y. What is i(n)?
17
Let f = -3 - -1. Let w(p) be the second derivative of 61*p - 1/12*p**4 + p**2 + 1 + 1/3*p**3. Determine w(f).
-6
Let n(i) = -i**2 - 5*i + 4. Let p be (-2 - 2) + 66/2. Suppose -p = -5*r - t, r - 6*r + 41 = 4*t. Suppose -r*w = 3*w + 40. Calculate n(w).
4
Suppose 8*x + 10*x = 126. Suppose 0 = -b + x*q - 5*q + 6, -3 = -b - q. Let v(i) = 6*i + 4. Determine v(b).
28
Let z be ((-126)/12 - -10)/(4/40). Let a(r) = -r**2 - 2*r + 15. What is a(z)?
0
Let q(r) = 10711 + r**2 - 21431 + 10721 + 5*r. Let o be (8 - 8)/((-4)/2). Suppose -n + 0 - 3 = o. What is q(n)?
-5
Suppose -147 = -11*f + 12*f + 5*t, 0 = -5*f + 4*t - 648. Let c = -143 - f. Let i(g) = -g**3 - 10*g**2 + 13*g + 4. Give i(c).
-18
Let i(g) be the third derivative of -3*g**2 + 0*g**3 - 1/60*g**5 + 17*g - 1/12*g**4 + 0. Suppose -4*q = -3*y - 3 + 2, -4*q = 2*y + 14. Give i(q).
0
Suppose -190 = 28*q - 106. Let h(l) = -6*l**2 - l - 4. Calculate h(q).
-55
Let a(d) = -d + 1 - 5 - 11*d + 3*d. Suppose -4*l + 4*t - 4 = 0, -14*l = -9*l + 3*t + 45. Let g(f) = 19*f + 9. Let b(i) = l*g(i) - 13*a(i). Determine b(3).
7
Let s(q) be the second derivative of 5/3*q**3 + 0 + 65*q - q**2. Give s(-3).
-32
Let k(g) = -21*g - 6. Let w = -8521 - -8519. What is k(w)?
36
Let r(s) = 2*s - 64. Let c(o) = -12*o + 84. Let v(b) = 2*c(b) + 6*r(b). Determine v(-18).
0
Let s(p) be the third derivative of -2*p**3 + 0*p + 184*p**2 + 0 - 1/6*p**4. Calculate s(-4).
4
Let z(p) = 265*p**3 + 2*p**2 - 4*p + 1. Let s be z(1). Let k = 268 - s. Let i(o) be the first derivative of o**2/2 - 2*o + 1. Determine i(k).
2
Let k(i) be the first derivative of 2/3*i**3 + 3*i + 9 - 4